r when 42786 is divided by 563?
561
Calculate the remainder when 116955 is divided by 21266.
10625
What is the remainder when 1101037 is divided by 1564?
1545
Calculate the remainder when 471231 is divided by 11.
2
Calculate the remainder when 37127 is divided by 429.
233
What is the remainder when 3568834 is divided by 1211?
17
Calculate the remainder when 2396825 is divided by 34.
29
Calculate the remainder when 5590063 is divided by 3250.
63
What is the remainder when 126688 is divided by 1699?
962
Calculate the remainder when 182720 is divided by 2874.
1658
What is the remainder when 15875 is divided by 2639?
41
What is the remainder when 429692 is divided by 14323?
2
What is the remainder when 2854733 is divided by 89210?
13
Calculate the remainder when 527225 is divided by 87673.
1187
Calculate the remainder when 1548442685 is divided by 52.
49
Calculate the remainder when 11335318 is divided by 36.
34
Calculate the remainder when 48827474 is divided by 466.
460
Calculate the remainder when 47820 is divided by 7924.
276
Calculate the remainder when 2149367 is divided by 12424.
15
Calculate the remainder when 3161372 is divided by 526888.
44
Calculate the remainder when 19194067 is divided by 128.
83
What is the remainder when 269961372 is divided by 959?
954
What is the remainder when 3634 is divided by 1656?
322
What is the remainder when 161537205 is divided by 21?
18
What is the remainder when 500254 is divided by 166711?
121
What is the remainder when 10456002 is divided by 291?
81
What is the remainder when 11162209 is divided by 31?
8
What is the remainder when 18696 is divided by 34?
30
Calculate the remainder when 160359 is divided by 80075.
209
What is the remainder when 7060595 is divided by 12979?
19
Calculate the remainder when 338955 is divided by 2510.
105
What is the remainder when 18066369 is divided by 18066249?
120
Calculate the remainder when 371360 is divided by 1122.
1100
What is the remainder when 2414181 is divided by 181?
3
Calculate the remainder when 14947 is divided by 705.
142
What is the remainder when 32438105 is divided by 48?
41
What is the remainder when 975096 is divided by 170?
146
What is the remainder when 208752 is divided by 3939?
3924
What is the remainder when 23128 is divided by 10950?
1228
Calculate the remainder when 1080915 is divided by 1623.
1620
Calculate the remainder when 994919594 is divided by 59.
57
What is the remainder when 97169 is divided by 48497?
175
What is the remainder when 2554423617 is divided by 28?
25
What is the remainder when 1292319 is divided by 55?
39
Calculate the remainder when 829489 is divided by 7609.
108
What is the remainder when 784515599 is divided by 360?
359
What is the remainder when 1532332 is divided by 97?
23
Calculate the remainder when 825851 is divided by 340.
331
What is the remainder when 12920372 is divided by 12?
8
Calculate the remainder when 6934869 is divided by 42.
39
Calculate the remainder when 317667 is divided by 13807.
106
Calculate the remainder when 55411 is divided by 1634.
1489
What is the remainder when 2368726 is divided by 2368708?
18
Calculate the remainder when 1176832 is divided by 392273.
13
What is the remainder when 58571446 is divided by 50?
46
Calculate the remainder when 802120 is divided by 2571.
2539
Calculate the remainder when 15350553 is divided by 1649.
12
What is the remainder when 25946994 is divided by 17?
13
Calculate the remainder when 27183 is divided by 3505.
2648
Calculate the remainder when 9555 is divided by 493.
188
What is the remainder when 49824051 is divided by 49824012?
39
Calculate the remainder when 36580864 is divided by 2392.
8
What is the remainder when 5962645 is divided by 74?
21
What is the remainder when 163995672 is divided by 46?
14
Calculate the remainder when 1143997 is divided by 8220.
1417
What is the remainder when 5799881 is divided by 134880?
41
What is the remainder when 3313299 is divided by 2437?
1416
What is the remainder when 1726611 is divided by 1350?
1311
Calculate the remainder when 3936861 is divided by 48.
45
What is the remainder when 217257 is divided by 53989?
1301
Calculate the remainder when 1281744 is divided by 6506.
62
Calculate the remainder when 1002627 is divided by 3581.
3528
Calculate the remainder when 3550553 is divided by 25.
3
Calculate the remainder when 40417890 is divided by 1010447.
10
Calculate the remainder when 105415 is divided by 35135.
10
Calculate the remainder when 15928431 is divided by 25691.
11
Calculate the remainder when 12587117 is divided by 2388.
2357
Calculate the remainder when 68279723 is divided by 118131.
5
Calculate the remainder when 144901 is divided by 74.
9
Calculate the remainder when 404201 is divided by 57742.
7
What is the remainder when 278135049 is divided by 579448?
9
Calculate the remainder when 556847 is divided by 74.
71
What is the remainder when 7993600 is divided by 1572?
1552
Calculate the remainder when 3317 is divided by 3252.
65
What is the remainder when 145088044 is divided by 13742?
8
What is the remainder when 531636 is divided by 66382?
580
Calculate the remainder when 574649 is divided by 784.
761
Calculate the remainder when 69444 is divided by 32749.
3946
What is the remainder when 36471566 is divided by 30?
26
What is the remainder when 11682739 is divided by 111?
100
What is the remainder when 7633296 is divided by 19276?
0
Calculate the remainder when 15003793 is divided by 3750944.
17
Calculate the remainder when 63341784 is divided by 102.
90
What is the remainder when 11527368 is divided by 828?
780
Calculate the remainder when 602650 is divided by 24.
10
What is the remainder when 440425 is divided by 636?
313
Calculate the remainder when 4080899 is divided by 803.
53
Calculate the remainder when 855325 is divided by 284293.
2446
What is the remainder when 73181 is divided by 17399?
3585
Calculate the remainder when 4540314 is divided by 331.
318
What is the remainder when 575854 is divided by 9745?
899
What is the remainder when 86437 is divided by 12259?
624
Calculate the remainder when 2201885 is divided by 41545.
0
What is the remainder when 1130795 is divided by 33255?
125
What is the remainder when 92551 is divided by 27?
22
What is the remainder when 526944 is divided by 76?
36
Calculate the remainder when 48178 is divided by 463.
26
Calculate the remainder when 4105728 is divided by 2052863.
2
Calculate the remainder when 55851295 is divided by 269813.
4
What is the remainder when 11770300 is divided by 4748?
8
What is the remainder when 1140447 is divided by 538?
425
Calculate the remainder when 1535224 is divided by 393.
166
What is the remainder when 1351308 is divided by 7475?
5808
Calculate the remainder when 2858046 is divided by 22155.
51
Calculate the remainder when 100997 is divided by 25238.
45
What is the remainder when 300834 is divided by 1674?
1188
What is the remainder when 11192853 is divided by 1536?
21
What is the remainder when 1828364 is divided by 761?
442
What is the remainder when 4216 is divided by 43?
2
What is the remainder when 82203 is divided by 579?
564
Calculate the remainder when 17082904 is divided by 53.
50
What is the remainder when 1629916 is divided by 19877?
2
Calculate the remainder when 6098349 is divided by 2904.
2853
What is the remainder when 932051 is divided by 84731?
10
What is the remainder when 161075107 is divided by 2739?
2734
What is the remainder when 2363703 is divided by 38749?
14
What is the remainder when 3678547 is divided by 152?
147
Calculate the remainder when 1442857 is divided by 549.
85
What is the remainder when 1376758 is divided by 8553?
8278
Calculate the remainder when 637930 is divided by 224.
202
What is the remainder when 682600 is divided by 691?
583
Calculate the remainder when 1260484 is divided by 238.
36
Calculate the remainder when 131408694 is divided by 131408685.
9
Calculate the remainder when 30326749 is divided by 10.
9
What is the remainder when 3636536 is divided by 3636535?
1
What is the remainder when 926168 is divided by 461526?
3116
Calculate the remainder when 34758656 is divided by 23.
21
What is the remainder when 69665770 is divided by 117?
109
What is the remainder when 22632730 is divided 